 Let x = 25 - -15. What is the remainder when x is divided by p?
12
Let f = 1 - -2. Suppose 0*r + 9 = f*r. What is the remainder when 10 is divided by r?
1
Let a(d) = 8*d**2 - 4*d - 1. What is the remainder when a(-2) is divided by 21?
18
Calculate the remainder when 54 is divided by 54/5 - (-8)/(-200)*-5.
10
Let i = -4 + 5. What is the remainder when 35 is divided by ((17 - -1)/2)/i?
8
Let o(p) = 2*p**2 + 7*p - 1. Suppose 45 = -8*k + 485. What is the remainder when k is divided by o(-6)?
26
Suppose 2*u = -0*u + 4. What is the remainder when -3 - (-10 + (4 - 2)) is divided by u?
1
Suppose 5*v = -4*r + 70, -r = 2*r - 15. Calculate the remainder when 46 is divided by v.
6
Let h(x) = x**3 + 6*x**2 + 2*x - 1. Let u(o) = -o + 1. Let a be u(5). Let j(l) = 2*l**2 + 6*l + 4. Calculate the remainder when h(a) is divided by j(-4).
11
Let u(h) = -3*h**3 - 4*h**2 - 2*h + 6. Let w(n) = -4*n**3 - 4*n**2 - n + 7. Let a(f) = 3*u(f) - 2*w(f). Calculate the remainder when 59 is divided by a(-4).
19
Let b(l) = -l**3 + 5*l**2 + 8. What is the remainder when b(3) is divided by 6?
2
Let c = -19 + 32. Suppose 0 = -2*s - 5*m - 8, -5*s + 3*m - 11 = 9. Calculate the remainder when 4/(-16) + (-153)/s is divided by c.
12
Let d(j) = 32*j**2 + 2*j - 3. Let n = 16 - 15. Calculate the remainder when d(n) is divided by 16.
15
Let z(h) = -2*h**3 - 5*h**2 + 3*h + 6. Suppose 4 = 4*r - 5*r. Let k be z(r). Let x = 97 - k. Calculate the remainder when x is divided by 14.
13
Suppose 3*a + 6 = -2*m - 4, -4*a + 3*m + 15 = 0. Calculate the remainder when 38 is divided by a + 13 + -5 + 2.
8
Suppose -4*o + 12 = -44. Calculate the remainder when 83 is divided by o.
13
Suppose a - 5*i - 3 = 22, -2*i - 3 = a. Let s = 8 - a. Let n = 2 + s. What is the remainder when 13 is divided by n?
3
Suppose 4*q - 2*i + 3*i = -25, -4*q + 4*i = 20. Let l(b) = b**2 + 7*b + 7. Calculate the remainder when 3 is divided by l(q).
0
Let v(t) = t**3 + 4*t**2 - t - 1. Calculate the remainder when v(-3) is divided by 4/6 + 80/24.
3
What is the remainder when (-3 + 2)*(-30 - (-15)/(-5)) is divided by 4?
1
Suppose -3*n + 16 = 4*g, -5*n = g - 2 - 2. Let o(x) = 37*x + 7. Let h be o(-3). Calculate the remainder when 4/(-10) - h/10 is divided by g.
2
Suppose -10*a - 300 = -13*a. Calculate the remainder when a is divided by 34.
32
Let t(k) = -8*k - 3. Calculate the remainder when 42/(-28)*(-50)/3 is divided by t(-2).
12
Suppose -k + 51 = 2*k. Suppose 4*i - 28 = -4*o, o - 3*i + k = 2*i. What is the remainder when o is divided by 3?
0
Let o(r) = -4*r**2 - r**2 - r**3 - r + r + r + 3. What is the remainder when o(-6) is divided by 9?
6
Let b(c) = 5*c. Let p be b(10). Let t = -18 + p. What is the remainder when t is divided by 17?
15
Let q(f) = -15*f - 1. Suppose 5*t = 15, 0 = 5*z - 3*t - 25 - 96. What is the remainder when z is divided by q(-1)?
12
Let n(m) = 8*m - 2. Suppose 4*u - 4 = 2*u. What is the remainder when n(u) is divided by 5?
4
Let d(c) = 2*c**2 - 4. Suppose 3*u + 0*v - 82 = -v, -2*u = -2*v - 44. What is the remainder when u is divided by d(-3)?
12
Let z(f) = f + 9. Calculate the remainder when 8/12 - 194/(-6) is divided by z(8).
16
Let y(d) be the third derivative of -d**4/24 - d**3/6 - 3*d**2. Calculate the remainder when 15 is divided by y(-10).
6
Suppose -11 = -6*v + 1. Calculate the remainder when v is divided by 6/4 + (-2)/4.
0
Let c = 139 + 22. Calculate the remainder when c is divided by 27.
26
Suppose -2*i = -2*h - 3*i + 70, -110 = -3*h - 4*i. What is the remainder when h is divided by 9?
7
Suppose -11*u + 6*u = -80. What is the remainder when 46 is divided by u?
14
Suppose -4*v - 5*s = -v - 57, 0 = 2*v - 5*s - 38. Calculate the remainder when 73 is divided by v.
16
Suppose 2*k = 5 - 1. Calculate the remainder when 4 is divided by k.
0
Let d = -365 + 743. Calculate the remainder when (-10)/(-3)*d/35 is divided by 19.
17
Let z = 3 + 4. What is the remainder when z is divided by 6?
1
Let o = -10 + 18. Let w(g) = -g - 7. Let z be w(o). What is the remainder when (-609)/z - 2/(-5) is divided by 11?
8
Suppose -5*w = -43 - 22. Calculate the remainder when 101 is divided by w.
10
Let h = -20 - -41. Let s = h - 5. What is the remainder when 29 is divided by s?
13
Let k = 7 - -9. Let s(r) = 3*r + 56 + r + r**2 - r**3 - 50. Calculate the remainder when s(-3) is divided by k.
14
What is the remainder when 4/26 - (-282)/26 is divided by 4?
3
Calculate the remainder when 58/((-2 + 4)*1) is divided by 15.
14
Suppose -4 = t - 3. Calculate the remainder when t - 3*-1 - 1 is divided by 1.
0
Suppose 3*b + 12 = 7*b. Calculate the remainder when ((-13)/2)/(2/(-4)) is divided by (0 + -8 + b)*-1.
3
Suppose v = 4*v - 9. Suppose 2*l - 97 = -2*w + 1, -w + 37 = -3*l. Suppose -y - w = -v*y. Calculate the remainder when 67 is divided by y.
21
Suppose -4*g + 3*q + 53 = 2*q, 0 = -3*g - 2*q + 48. What is the remainder when g is divided by 4?
2
Let z(o) = -7*o - 1. Suppose -4*f = 5*q, 5 - 1 = 4*q + 4*f. What is the remainder when z(q) is divided by 8 + (2 - 2 - 1)?
6
Let q(j) = -3*j + 75. Calculate the remainder when 20 is divided by q(23).
2
Let y = 3 - -5. Suppose 3*w - 46 = w. What is the remainder when w is divided by y?
7
Let u(n) = 5*n**2 + 2*n. Suppose 5*l = -0*l + 10. What is the remainder when 46 is divided by u(l)?
22
Suppose 2*d = s + 21, -d + s + 29 = 2*d. Suppose -q - 4 = 4*q - b, 5*q - d = -2*b. Suppose 5*o - 6*o + 4 = q. What is the remainder when 10 is divided by o?
2
Let l(r) = -r**3 - 4*r**2 + 9*r + 1. Let x = -5 - 1. Suppose -d + 3*d + 2*y - 12 = 0, y = -2*d + 13. What is the remainder when l(x) is divided by d?
5
Suppose 0 = -7*m + 12 + 58. Calculate the remainder when 27 is divided by m.
7
Suppose -48*k + 36 = -45*k. Calculate the remainder when 58 is divided by k.
10
Let u = 18 + -36. Let g = 38 + u. What is the remainder when g is divided by 7?
6
Let z be (5/2)/(3/6). Suppose z*r + 160 = -0*r. Let h = r + 50. What is the remainder when 52 is divided by h?
16
Let u be 38/(-3*(-6)/(-9)). Let h = u + 42. Calculate the remainder when h is divided by 8.
7
Suppose -5*t + 71 = 3*m, -5*m - 52*t + 51*t = -155. Suppose -2 = 5*z + 3. Let g = z - -12. What is the remainder when m is divided by g?
10
Suppose 11 = m - 9. Suppose -5*n - 6*k + 35 = -k, -2*n - 5*k + m = 0. Calculate the remainder when 13 is divided by 1/(1/n*1).
3
Let m(t) = 2*t**2 + 3*t - 7. Suppose 0 = 4*g - 87 - 65. What is the remainder when g is divided by m(-4)?
12
Let h = 50 - 6. Suppose -4*f + 172 = x - 5*x, 45 = f - 3*x. Let q = f + -27. What is the remainder when h is divided by q?
14
Calculate the remainder when 10/((-3)/(-12)*2) is divided by 8.
4
Let j = 84 + -54. Suppose 3*r = -2*r + j. Calculate the remainder when 11 is divided by r.
5
Let v be 2*((-3)/(-3))/(-2). Calculate the remainder when (-2 - v) + (-118)/(-2) is divided by 20.
18
Let h(u) = -u**2 - 2*u + 4. Let x be h(-3). Let j be x + 0 + 1 + 1. Suppose -1 = -4*f + j. What is the remainder when f is divided by 1?
0
Let s(o) = -o - 6. Let g be s(-12). Suppose 4*m - g = 38. Suppose 4 = 2*p - 4. Calculate the remainder when m is divided by p.
3
Suppose 4*m - 340 = -m. Suppose 7*r - 3*r = m. Let i = -9 + 42. What is the remainder when i is divided by r?
16
Suppose 163 = -7*y + 450. Calculate the remainder when y is divided by 11.
8
Let w(i) = -i**2 - 9*i - 8. Suppose 24 = -3*g - g. Calculate the remainder when 39 is divided by w(g).
9
Let k = 8 - -51. What is the remainder when k is divided by 30?
29
Suppose 3*j - 42 = j. Calculate the remainder when (-27)/(-45) + 34/10 is divided by 69/j + 4/(-14).
1
Let b = 68 - 57. Calculate the remainder when 21 is divided by b.
10
Let z = 50 + -29. Let x be (4/(-6))/(2/(-42)). Let w = 25 - x. Calculate the remainder when z is divided by w.
10
Suppose -4 = -2*x + 28. What is the remainder when (-183)/6*-1*2 is divided by x?
13
Suppose -2*g + 14 = -g. Let q be ((-5)/15)/(2/(-30)). Let z = 10 - q. Calculate the remainder when g is divided by z.
4
Suppose -v + 16 = -14. What is the remainder when 58 is divided by v?
28
Let z(o) = -o**3 - 6*o**2 - o - 42. What is the remainder when 54 is divided by z(-7)?
12
Let k be -1 - (-1 + 4/(-2)). Suppose 0*q + 30 = k*q. Suppose 0 = 4*d + q - 35. Calculate the remainder when 8 is divided by d.
3
Let a(h) = 1 + 0*h +